 1837?
1
What is the thousands digit of 1035?
1
What is the units digit of 14161?
1
What is the tens digit of 15411?
1
What is the units digit of 12305?
5
What is the units digit of 443?
3
What is the tens digit of 952?
5
What is the hundreds digit of 55231?
2
What is the tens digit of 1162?
6
What is the tens digit of 13531?
3
What is the thousands digit of 2508?
2
What is the thousands digit of 8991?
8
What is the hundreds digit of 6451?
4
What is the tens digit of 1957?
5
What is the units digit of 768?
8
What is the units digit of 7234?
4
What is the hundreds digit of 18199?
1
What is the hundreds digit of 11686?
6
What is the units digit of 824?
4
What is the hundreds digit of 9454?
4
What is the units digit of 1126?
6
What is the tens digit of 825?
2
What is the tens digit of 7353?
5
What is the units digit of 37552?
2
What is the thousands digit of 6121?
6
What is the hundreds digit of 6018?
0
What is the tens digit of 1002?
0
What is the thousands digit of 3768?
3
What is the ten thousands digit of 26307?
2
What is the tens digit of 7192?
9
What is the units digit of 96?
6
What is the thousands digit of 24177?
4
What is the ten thousands digit of 109134?
0
What is the thousands digit of 2459?
2
What is the hundreds digit of 9424?
4
What is the hundreds digit of 677?
6
What is the thousands digit of 50739?
0
What is the units digit of 42028?
8
What is the tens digit of 73?
7
What is the thousands digit of 1577?
1
What is the units digit of 58653?
3
What is the tens digit of 60?
6
What is the hundreds digit of 213?
2
What is the thousands digit of 6581?
6
What is the thousands digit of 1177?
1
What is the ten thousands digit of 32350?
3
What is the hundreds digit of 97340?
3
What is the hundreds digit of 2342?
3
What is the tens digit of 8481?
8
What is the units digit of 8416?
6
What is the thousands digit of 138112?
8
What is the hundreds digit of 4623?
6
What is the hundreds digit of 598?
5
What is the hundreds digit of 4670?
6
What is the units digit of 563?
3
What is the tens digit of 14664?
6
What is the thousands digit of 1406?
1
What is the tens digit of 53159?
5
What is the tens digit of 244?
4
What is the units digit of 178?
8
What is the hundreds digit of 7433?
4
What is the thousands digit of 147375?
7
What is the thousands digit of 11870?
1
What is the hundreds digit of 336?
3
What is the units digit of 5018?
8
What is the tens digit of 845?
4
What is the ten thousands digit of 21358?
2
What is the hundreds digit of 13768?
7
What is the thousands digit of 52711?
2
What is the thousands digit of 5432?
5
What is the units digit of 26774?
4
What is the units digit of 68941?
1
What is the tens digit of 44264?
6
What is the hundreds digit of 4018?
0
What is the tens digit of 34016?
1
What is the hundreds digit of 858?
8
What is the hundreds digit of 12644?
6
What is the thousands digit of 2158?
2
What is the ten thousands digit of 22362?
2
What is the thousands digit of 30825?
0
What is the tens digit of 1631?
3
What is the hundreds digit of 25268?
2
What is the units digit of 201?
1
What is the thousands digit of 1852?
1
What is the units digit of 975?
5
What is the ten thousands digit of 11540?
1
What is the units digit of 116012?
2
What is the tens digit of 626?
2
What is the hundreds digit of 4292?
2
What is the units digit of 44237?
7
What is the thousands digit of 1436?
1
What is the tens digit of 146984?
8
What is the thousands digit of 2804?
2
What is the hundreds digit of 38481?
4
What is the hundreds digit of 1179?
1
What is the tens digit of 1439?
3
What is the units digit of 8135?
5
What is the tens digit of 4293?
9
What is the hundreds digit of 1827?
8
What is the hundreds digit of 3351?
3
What is the tens digit of 9885?
8
What is the units digit of 1200?
0
What is the hundred thousands digit of 172775?
1
What is the thousands digit of 17680?
7
What is the units digit of 6480?
0
What is the units digit of 2000?
0
What is the units digit of 1253?
3
What is the units digit of 1245?
5
What is the tens digit of 35311?
1
What is the thousands digit of 1364?
1
What is the ten thousands digit of 15213?
1
What is the tens digit of 350?
5
What is the units digit of 17776?
6
What is the tens digit of 19820?
2
What is the hundreds digit of 3255?
2
What is the ten thousands digit of 19522?
1
What is the units digit of 888?
8
What is the units digit of 15591?
1
What is the units digit of 328?
8
What is the thousands digit of 17746?
7
What is the thousands digit of 3760?
3
What is the hundreds digit of 988?
9
What is the hundreds digit of 6425?
4
What is the hundreds digit of 13613?
6
What is the tens digit of 649?
4
What is the tens digit of 2525?
2
What is the tens digit of 4720?
2
What is the tens digit of 33500?
0
What is the hundreds digit of 283?
2
What is the hundreds digit of 38328?
3
What is the thousands digit of 22082?
2
What is the tens digit of 2551?
5
What is the thousands digit of 75374?
5
What is the units digit of 1908?
8
What is the hundreds digit of 1168?
1
What is the hundreds digit of 1038?
0
What is the thousands digit of 4594?
4
What is the tens digit of 8073?
7
What is the hundreds digit of 528?
5
What is the hundreds digit of 727?
7
What is the units digit of 522?
2
What is the thousands digit of 1249?
1
What is the tens digit of 922?
2
What is the units digit of 272?
2
What is the units digit of 42711?
1
What is the hundreds digit of 3292?
2
What is the units digit of 58?
8
What is the hundred thousands digit of 203775?
2
What is the hundreds digit of 16569?
5
What is the ten thousands digit of 33536?
3
What is the thousands digit of 1101?
1
What is the units digit of 517?
7
What is the units digit of 2202?
2
What is the hundreds digit of 6801?
8
What is the units digit of 5456?
6
What is the thousands digit of 43090?
3
What is the thousands digit of 15582?
5
What is the tens digit of 21831?
3
What is the tens digit of 756?
5
What is the thousands digit of 2068?
2
What is the hundreds digit of 14335?
3
What is the hundreds digit of 8473?
4
What is the hundreds digit of 23204?
2
What is the thousands digit of 91697?
1
What is the units digit of 94313?
3
What is the thousands digit of 16245?
6
What is the hundreds digit of 43067?
0
What is the tens digit of 13019?
1
What is the hundreds digit of 22229?
2
What is the units digit of 10125?
5
What is the units digit of 4477?
7
What is the hundreds digit of 12169?
1
What is the units digit of 22610?
0
What is the tens digit of 22267?
6
What is the hundreds digit of 562?
5
What is the units digit of 86391?
1
What is the tens digit of 383?
8
What is the thousands digit of 3876?
3
What is the hundreds digit of 23705?
7
What is the hundreds digit of 1012?
0
What is the units digit of 1083?
3
What is the hundreds digit of 972?
9
What is the thousands digit of 2105?
2
What is the units digit of 9371?
1
What is the hundreds digit of 5521?
5
What is the tens digit of 2641?
4
What is the thousands digit of 11914?
1
What is the thousands digit of 4247?
4
What is the tens digit of 46013?
1
What is the hundreds digit of 6337?
3
What is the thousands digit of 5297?
5
What is the tens digit of 3605?
0
What is the hundreds digit of 869?
8
What is the tens digit of 363?
6
What is the hundreds digit of 1513?
5
What is the thousands digit of 4390?
4
What is the tens digit of 50234?
3
What is the tens digit of 5420?
2
What is the thousands digit of 7730?
7
What is the tens digit of 4249?
4
What is the units digit of 379?
9
What is the units digit of 70?
0
What is the tens digit of 3830?
3
What is the units digit of 30851?
1
What is the thousands digit of 6224?
6
What is the units digit of 5236?
6
What is the units digit of 716?
6
What is the thousands digit of 1067?
1
What is the thousands digit of 1860?
1
What is the units digit of 413?
3
What is the thousands digit of 8947?
8
What is the hundreds digit of 824?
8
What is the ten thousands digit of 27535?
2
What is the thousands digit of 3354?
3
What is the hundreds digit of 6277?
2
What is the hundreds digit of 51943?
9
What is the ten thousands digit of 100423?
0
What is the tens digit of 3131?
3
What is the units digit of 1936?
6
What is the units digit of 418?
8
What is the units digit of 17464?
4
What is the thousands d